 is the greatest common factor of u and k?
18
Suppose 5*x - 4*a = 2250 + 174, x - 492 = -a. Suppose c - d + 157 = 399, 2*c - 4*d - x = 0. Calculate the highest common divisor of c and 30.
30
Let r(f) = -21*f + 78. Let s be r(7). Let q be (-5 + 8 - s - 3) + -1. Calculate the greatest common divisor of 374 and q.
34
Suppose 26879*z = 26885*z - 54. Let y(t) = -15 + t - 2*t**3 - 6*t**2 - 8*t + 3*t**3. Let a be y(z). Calculate the greatest common divisor of a and 33.
33
Let k = 26609 + -16364. What is the greatest common factor of 60 and k?
15
Let a = 411 - 117. Let p be 2/13 - 7046/(-338). What is the greatest common divisor of p and a?
21
Let f be (0 + (-4)/10)*-45. Suppose 63*z - 6706 - 2933 = 0. What is the greatest common factor of f and z?
9
Let t = -181 + 595. Suppose -10*g = -4*g - 942. Let o = g + -111. Calculate the greatest common divisor of o and t.
46
Let p = -442 - -220. Let o = -217 - p. What is the highest common divisor of o and 15?
5
Suppose 31*r - 14*r - 612 = 0. Let h be (690/(-12))/((-9)/r). Calculate the highest common factor of h and 92.
46
Let i = 3204 - 2482. Calculate the highest common factor of 247 and i.
19
Suppose 2*b + z - 18 = 34, -2*z - 64 = -3*b. What is the highest common factor of 5604 and b?
12
Suppose 17 = 10*v - 3. Suppose -136 = -0*a - v*a. Let d = -57 + a. What is the greatest common divisor of 1 and d?
1
Suppose 20*x - 3000 = -20*x. Calculate the greatest common divisor of 75 and x.
75
Suppose -4*g + 62 = -2*p, 5*p = -3*g + 36 - 9. Suppose 2*a + 4*u = 3*u - 17, -4*u + 36 = -5*a. Let z = 90 - a. Calculate the greatest common factor of z and g.
14
Let x be (-78)/(-5) + 4/10. Suppose 52 = 2*t + x. What is the greatest common divisor of t and 27?
9
Let k = -53 + 50. Let p be (11 + k)*((-141)/12 - -5). Let i = p + 69. Calculate the greatest common divisor of i and 6.
3
Suppose -35*z + 2832 = 24*z. Let l = 429 - z. What is the highest common divisor of l and 3?
3
Let r = -26 + 28. Suppose 0 - 23 = -5*x + 4*z, -z + 4 = 2*x. Suppose -5*d + 3*p = -55, -2*d - x*p + 33 = -r*p. Calculate the highest common factor of 238 and d.
14
Let y be ((-431)/3)/(-6 - 133/(-21)). Let s = -383 - y. What is the highest common divisor of 60 and s?
12
Let o(h) be the third derivative of h**5/30 + 49*h**4/24 + 6*h**3 + 263*h**2. Let r be o(-24). Calculate the highest common divisor of r and 84.
12
Let d(h) = -20*h + 301. Let c be d(15). Let i be 4/c + 36/(-6) + 3. What is the highest common divisor of i and 3?
1
Let g(r) = 11*r**2 - 3*r + 2. Let p be g(6). Suppose 47*a + 154 - 348 - 746 = 0. Calculate the highest common divisor of p and a.
20
Suppose 2*l + n = 112, -3*l - 87*n + 102 = -91*n. Suppose -u + 4*u - 525 = 0. Calculate the highest common factor of u and l.
25
Suppose -61*a - 1363 = -3742. Calculate the greatest common factor of a and 1534.
13
Let o(b) = -b**2 + 13*b - 9. Let a be o(9). Suppose -153 = -10*i + a. Calculate the highest common factor of 54 and i.
18
Suppose 126 = 6*w + 48. Let u(r) = -r**3 + 12*r**2 + 19*r - 45. Let s be u(w). What is the greatest common divisor of s and 275?
11
Let p(d) = d + 1. Let a be p(5). Let j = -10252 - -10414. What is the highest common divisor of a and j?
6
Let v be (-4)/(134/34 - 4). Let a = 81 - v. What is the greatest common divisor of a and 325?
13
Let x = 140 - 435. Let q = 385 + x. Calculate the greatest common divisor of 135 and q.
45
Let j(d) = d**2 + 2*d - 3. Let l be j(6). Let t = 99 - 45. Suppose 2*b - 8*b + t = 0. Calculate the greatest common divisor of l and b.
9
Let d(t) = 56*t**2 + 15*t - 17. Let h be d(3). Let c = -526 + h. Let i be 2 + (1 + 11 - 2). What is the highest common divisor of i and c?
6
Let t be 76/(-684) + (-344)/(-18). What is the highest common factor of 17024 and t?
19
Let b = 2078 - 2050. What is the greatest common divisor of b and 182?
14
Let g(z) = -8*z**2 - 65*z + 37. Let b be g(-5). What is the highest common factor of b and 102?
6
Let r(l) = -7*l - 18 - 3 + 2*l**2 + 4*l. Let u be r(-9). Suppose 6*s - 13*s = -u. Calculate the greatest common divisor of s and 72.
24
Let j be (-5 + 28/6)*-42. Let a be ((-40)/j)/((-1)/175). What is the greatest common factor of 20 and a?
20
Suppose 2*c + 575 = 4*k - 165, 2*c + 925 = 5*k. Let b = k + -85. What is the greatest common factor of b and 25?
25
Let m be 2/(-14) + (-15)/(-21) + (-21404)/(-28). What is the highest common divisor of 1683 and m?
153
Suppose 28*k = -6*k + 2516. What is the highest common divisor of 851 and k?
37
Suppose 2*l = -3*z + 7*z - 14, 3*l + z = 0. Let r be (-12)/18*l/((-3)/(-495)). Calculate the highest common divisor of r and 80.
10
Let r(w) = 2*w**2 + 14*w. Suppose -257*l = -259*l - 28. Let m be r(l). Calculate the greatest common factor of m and 7.
7
Suppose 28*t + 340 = -6*t. Let b(y) = y**2 + 11*y + 27. Let o be b(t). Calculate the highest common divisor of 187 and o.
17
Suppose -18199 + 22972 = 41*j - 64681. What is the greatest common divisor of j and 84?
14
Let f(i) = i**2 - 9*i - 686. Let a be f(34). Calculate the greatest common divisor of a and 11.
1
Suppose -452 = -5*z + 4*x + 117, z - 4*x = 101. What is the greatest common divisor of z and 1521?
117
Let w be (-3)/2*5192/(-33). Let a = w + -205. What is the highest common factor of 217 and a?
31
Let x = -558 + 548. Let i be x/(222/252 + -1). What is the greatest common divisor of 420 and i?
84
Let a be -10*15/((-65)/13). What is the highest common divisor of a and 1335?
15
Let q(y) = -y**3 + 26*y**2 - 100*y - 9. Let i be q(21). What is the highest common factor of 2000 and i?
16
Let o be (-3 + 1)/((-16)/8). Let r be (3 - (-2 + 4 - 0))/o. Suppose -2*s = 6 - 10. What is the highest common factor of r and s?
1
Suppose -5*f + 2*m = -40, -3*m + m - 24 = -3*f. Let t = 781 + -408. Let p = t + -357. Calculate the greatest common factor of p and f.
8
Suppose -15*a + 207060 = 101*a. Calculate the greatest common factor of 42 and a.
21
Suppose 0 = 5*q + t - 15219, -48*q + 45*q + 3*t = -9117. Calculate the greatest common factor of 179 and q.
179
Suppose m + 143 = 2*k, 2*k + 962*m = 966*m + 134. Calculate the greatest common factor of k and 365.
73
Let x be ((-3586 + -14)/16)/((-2)/2). Suppose -4*j + 171 = -2*a - a, -5*a = -15. What is the highest common factor of x and j?
45
Let s = 78 + -57. Suppose -15*o = -s*o + 750. Suppose -j - 3*j = -5*g + 80, -o = -5*g - 5*j. Calculate the highest common divisor of 8 and g.
4
Suppose -5 = -2*v + w, -4*w + 6 = 2. Suppose -v*n + 210 = m, -m - 4*n - 44 = -252. What is the highest common factor of m and 24?
24
Suppose -2*y - 7*y = -3*y. Suppose y = 48*d - 38*d - 120. Calculate the highest common divisor of 204 and d.
12
Let s(r) = 56*r - 308. Let i be s(100). What is the highest common factor of i and 49?
49
Suppose 20*n - 15*n + 3*p - 24486 = 0, -2*n + 6*p = -9852. Calculate the highest common divisor of 2322 and n.
258
Let u be 1/(-2) - 37/(-2). Let r = 545 + -487. Suppose -r*x + 2106 = -19*x. Calculate the greatest common factor of x and u.
18
Let n = -22456 - -23041. Calculate the highest common factor of n and 1872.
117
Let a(o) = 16*o**2 - 52*o - 20. Let i be a(4). Suppose -3*r = 4*f + 1 - 5, f = 4*r + 1. Let t be f/8*-6*-28. What is the greatest common factor of t and i?
7
Let w be 9/4 + (-5)/20. Let s(o) = -8 + 10*o + 2*o - o**2 + 1 + w. Let i be s(4). What is the highest common factor of 3 and i?
3
Let u = 744 - 640. What is the highest common factor of 702 and u?
26
Let y = -10688 - -19785. Calculate the highest common factor of y and 11.
11
Suppose 10*t - 155 - 445 = 0. What is the highest common factor of 270 and t?
30
Let v = -5423 + 8548. Calculate the greatest common factor of v and 10.
5
Let s(v) = -2*v**3 - 4*v**2 - v + 3. Suppose 0 = -7*b + 3*b - 12. Let i be s(b). Let y = 446 - 434. What is the greatest common divisor of y and i?
12
Let b(n) = 3*n**2 + 11. Let g be b(8). Suppose 23*i - 8*i - 435 = 0. What is the highest common divisor of g and i?
29
Let s(q) = -356*q + 766. Let p be s(2). Let m = 23 + 167. Let i = m + -55. Calculate the greatest common factor of i and p.
27
Let n = 159 + -156. Suppose -4 = -n*r + 59. What is the highest common factor of 28 and r?
7
Let w = -78 - -88. Let k(y) = 7*y + 1. Let q be k(7). What is the greatest common factor of w and q?
10
Let s be 8/